ided by 4?
2
Let z = 0 - 3. What is the remainder when 2*(-3)/9*z is divided by 1?
0
Let q(g) = 23*g - 94. Calculate the remainder when q(7) is divided by 34.
33
Suppose -3*x + 90 = x - 2*q, 3*q = x - 25. Suppose x = -4*r + 5*r. Calculate the remainder when 65 is divided by r.
21
Let y be (16/10)/((-1)/(-5)). Let b = y - 1. Suppose 3*a = -0*n - 3*n + 63, n = -4*a + 24. What is the remainder when n is divided by b?
6
Let u = 22 - -1. What is the remainder when u is divided by 13?
10
Let g = -2 + 5. Suppose -a = -g - 3. What is the remainder when a is divided by 3?
0
Suppose i - 20 = 4*y, -4*i = 3*y + 1 - 5. Suppose 0*u + 92 = i*u. Calculate the remainder when u is divided by 8.
7
Let b = -6 - -5. Let m be 9/(b - 2) + 3. Let n(g) = -g**3 - g**2 + 9. What is the remainder when 16 is divided by n(m)?
7
Suppose k - 8 = -4*h + 7, 5*h - 17 = -3*k. Let a be (3 + -4)/(k - -2). Let b = 0 - a. What is the remainder when 2 is divided by b?
0
Suppose -14*s = -21*s + 504. Calculate the remainder when s is divided by 37.
35
Suppose -4*b - b + 85 = 0. Let g(h) = -h**2 - 11*h + 6. Calculate the remainder when b is divided by g(-11).
5
Suppose 5*d + i - 665 = 0, -3*d = -8*d + i + 665. Calculate the remainder when d is divided by 34.
31
Let c = -2 - -4. Suppose 0*h - c*h = 3*u - 12, -3*u + 12 = -2*h. Let b(o) = -o + 21. What is the remainder when b(10) is divided by u?
3
Suppose -11 = 3*d - 2. Let i = 3 + d. Suppose i = -3*a - a + 8. Calculate the remainder when 4 is divided by a.
0
Suppose -48 - 16 = -i. Let z = -14 - 32. Let a = z + i. What is the remainder when 35 is divided by a?
17
Let d(h) = -h**3 - h**2 + h + 24. Suppose 0 = 3*m - 6*m. What is the remainder when d(m) is divided by 13?
11
What is the remainder when 103 is divided by 7/(126/472) - (-2)/(-9)?
25
Suppose j - 3 = 0, 4*n + 5*j - 41 = 2*j. Let c(z) = n*z + 2 - 3*z**2 + 5*z**2 - 3*z**2. Calculate the remainder when 4 is divided by c(8).
0
What is the remainder when 146 is divided by (-307)/(-6) + -2 + (-11)/66?
48
Let c(f) = f**2 - 12*f - 11. Let g be c(11). Let a(h) = 3*h**2 - h. Calculate the remainder when 4/g + (-600)/(-33) is divided by a(2).
8
Let s = 60 + 39. Calculate the remainder when s is divided by 25.
24
Suppose -x = 2*x + 612. Suppose 0 = 2*c + 2*c - 2*h - 52, 2*c - 18 = -3*h. Calculate the remainder when ((-1)/2)/(3/x) is divided by c.
10
Suppose 7*j = 2*j + l + 62, 0 = -5*j + 4*l + 53. Calculate the remainder when 24 is divided by j.
11
Let v(c) = -6*c - 3. Let g(p) = -p**3 - 9*p**2 - 5*p - 11. Suppose -3*y = -r - 2 - 4, 2*y = -5*r - 47. What is the remainder when g(r) is divided by v(-2)?
7
Let h = -19 + 35. Suppose -v + 4*m + m + 31 = 0, -h = 4*m. What is the remainder when 43 is divided by v?
10
Suppose a = -4*s + 1, -s + 5*s + 14 = 2*a. Let i(o) = 0*o - 4*o - a - 2. What is the remainder when 49 is divided by i(-6)?
15
Let u(k) = -k - 8. Let o be u(-9). Let l = 2 + o. What is the remainder when 10 is divided by l?
1
What is the remainder when 31 is divided by 24*3/(0 + 6)?
7
Let p(l) = l + 21. Suppose 4*o - 2*c + 40 = 0, 2*c = 3*o + 4*c + 23. What is the remainder when 47 is divided by p(o)?
11
Let a(p) = p**2 + 5*p + 6. Let h = -12 - -8. Let s be a(h). Suppose s*i = 3*i - 4. What is the remainder when 11 is divided by i?
3
Suppose -9*r + 8 = -46. What is the remainder when 11 is divided by r?
5
Calculate the remainder when (1 - (-42)/9)/(1/18) is divided by 54.
48
Let m(o) = o + 4. Let y(x) = 3*x - 3 - 5*x - 2. Calculate the remainder when m(4) is divided by y(-4).
2
Let m = -18 - -18. Suppose 2*x - 5*p = 95, 0 = -3*x - m*p + p + 149. What is the remainder when x is divided by 17?
16
Let u = 21 + -17. Suppose 0*d - u*x = -4*d + 52, 0 = 5*d + 2*x - 51. Calculate the remainder when 42 is divided by d.
9
Let g = 44 - 18. Let a(o) = -o**2 + 9*o + 7. Calculate the remainder when g is divided by a(0).
5
Suppose -17 = -4*h - 1. Suppose -h*q + q = -3. What is the remainder when (-108)/(-6) + 0 + q is divided by 7?
5
Let w(c) = 3*c + 13. What is the remainder when w(11) is divided by 10?
6
Let y(a) = a + 13. Let q be y(-10). Let j(k) = k**2 + 2*k + 2. What is the remainder when 33 is divided by j(q)?
16
Let x be 5 - 4*4/16. Suppose x*u - 196 = -0*u. Calculate the remainder when u is divided by 17.
15
Let g(r) = 16*r**2 + 2*r - 1. Calculate the remainder when 65 is divided by g(1).
14
Suppose 0 = 9*c - 8*c - 1. What is the remainder when 1 is divided by c?
0
Let r(f) = 66*f + 2. Suppose 5*x = 39 + 76. What is the remainder when r(1) is divided by x?
22
Suppose -4*y = 2*w - 16, -5*y + 5*w + 29 = 3*w. Let d(t) = -t**2 + 13*t - 13. Let l be d(9). Let c = l + y. Calculate the remainder when c is divided by 15.
13
Let n(h) = -h - 4. Let z be n(-4). Suppose z*w + 6 = w. Let q = -9 + 19. What is the remainder when q is divided by w?
4
Suppose -a - 5*u + 28 = 0, 2*u + 25 = a + 6*u. What is the remainder when a is divided by 7?
6
Calculate the remainder when 31 is divided by (11/(-5))/(4/(-20)).
9
Let o(i) = -i**3 + 2*i**2 - 5*i - 2. Let c(q) = -q**2 + q. Let u(v) = 5*c(v) + o(v). Calculate the remainder when u(-5) is divided by 10.
8
Calculate the remainder when 38 is divided by 2/12 - (714/(-36) - -6).
10
Let b(m) be the second derivative of m**4/12 + m**3 + 5*m**2 - 8*m. What is the remainder when 32 is divided by b(-7)?
15
Let y = -224 - -114. Let r = -64 - y. Calculate the remainder when r is divided by 12.
10
Let l = -35 + 42. What is the remainder when 54 is divided by l?
5
Suppose 0*w + 2*w - 12 = -o, -4*w + 12 = -o. Calculate the remainder when 27 is divided by (-1)/o*-4 - -6.
6
Suppose -5*l + l - 163 = -3*u, 3*u - 2*l - 167 = 0. Suppose 0*p + u = p. Calculate the remainder when p is divided by 15.
12
Let v be 4/(-16) - (-6)/(-8). Suppose -r - 120 = -6*r. What is the remainder when r is divided by (0 - 1)/v + 12?
11
Let c(h) = 13*h**2. Let g be c(2). Suppose g = 3*q + 10. Let u(m) = -12*m + 3. Calculate the remainder when u(-3) is divided by q.
11
Let u(k) be the second derivative of 17*k**3/3 - k**2/2 + 2*k. Let i be u(3). Suppose i + 28 = 3*f. Calculate the remainder when f is divided by 15.
13
Let s = 0 - 4. What is the remainder when 15 is divided by 4/((1 - 3)/s)?
7
Suppose 36*c - 168 = 32*c. Calculate the remainder when c is divided by 11.
9
Let r be (-3)/(-1) - (3 + -3). Let v(s) = 141*s**2 + s. Let y be v(-1). Suppose -r*a = 2*a - y. Calculate the remainder when a is divided by 10.
8
Let o(s) = -2 - s - 3 + 4 + 13*s**2. Let r(h) = h**2 + 10*h - 2. Calculate the remainder when r(-13) is divided by o(-1).
11
Let h = -4 - 4. Let a(x) = -x + 3. What is the remainder when 21 is divided by a(h)?
10
Suppose 0 = z + 2*m + 4, 0 = 5*z + m + m + 12. Calculate the remainder when (-24 + z)/(2/(-3)) is divided by 14.
11
Suppose -4*o + 5*s + 52 = 0, -4*s = -5*o + 35 + 21. Suppose 20 = 4*k - o. Calculate the remainder when k is divided by (-2)/((-5)/3 - -1).
1
Suppose 3*s + 3*g - 24 = 0, -5*s + 5*g + 54 = -36. Suppose -m + 3 = -2. Calculate the remainder when s is divided by m.
3
Suppose -3*q = -7 - 29. Let b be (-3)/q + 63/12. Suppose r - b*r + 28 = 0. What is the remainder when 25 is divided by r?
4
Let x(m) = m**3 - 2*m**2 - 2*m - 3. Let a be x(-3). Let d = -21 - a. What is the remainder when d is divided by 11?
10
Let k = 33 + 129. Suppose -k - 15 = -3*f. Let j = f + -35. What is the remainder when j is divided by 13?
11
Let u(h) = -h**3 - 2*h**2 + 6*h + 1. Suppose 0 = -2*f + 4*f - 52. Let t = f + -21. Calculate the remainder when u(-4) is divided by t.
4
Suppose 12 = z - 5*t, -3*z - 2*t = t - 18. Calculate the remainder when 18 is divided by z.
4
Suppose 5*d - 3 = 102. Suppose 4*m = 5*s + 14, -4*m + s + 21 + 1 = 0. Calculate the remainder when d is divided by m.
3
Let d be (4/(-6))/(1/12). Let c = d - -24. What is the remainder when c is divided by 9?
7
What is the remainder when (-447)/(-9) - 4/6 is divided by 13?
10
Suppose 0*h - 2*h = -66. Let u = -5 - -4. What is the remainder when h is divided by (-17 + (u - -1))*-1?
16
Suppose -3*k = -2*k. Suppose -3*r + 15 + 24 = k. Calculate the remainder when r is divided by 7.
6
Let j = 228 - 177. Suppose 2 = g - 25. Calculate the remainder when j is divided by g.
24
Let w(m) = -m**3 - 5*m**2 - 4*m + 2. Let t be w(-4). Suppose -t*f + 5 = -3